{"version":"1.0","provider_name":"Rapport de gestion","provider_url":"https:\/\/rapport-valais.ch\/fr\/","title":"T\u00e4tigkeitsbericht Valais\/Wallis Promotion - 2023","type":"rich","width":600,"height":338,"html":"<blockquote class=\"wp-embedded-content\" data-secret=\"WauXZPPn2b\"><a href=\"https:\/\/rapport-valais.ch\/fr\/rg-2025\/\">Rapport de gestion Valais\/Wallis Promotion 2025<\/a><\/blockquote><iframe sandbox=\"allow-scripts\" security=\"restricted\" src=\"https:\/\/rapport-valais.ch\/fr\/rg-2025\/embed\/#?secret=WauXZPPn2b\" width=\"600\" height=\"338\" title=\"\u00ab\u00a0Rapport de gestion Valais\/Wallis Promotion 2025\u00a0\u00bb &#8212; Rapport de gestion\" data-secret=\"WauXZPPn2b\" frameborder=\"0\" marginwidth=\"0\" marginheight=\"0\" scrolling=\"no\" class=\"wp-embedded-content\"><\/iframe><script>\n\/*! This file is auto-generated *\/\n!function(d,l){\"use strict\";l.querySelector&&d.addEventListener&&\"undefined\"!=typeof URL&&(d.wp=d.wp||{},d.wp.receiveEmbedMessage||(d.wp.receiveEmbedMessage=function(e){var t=e.data;if((t||t.secret||t.message||t.value)&&!\/[^a-zA-Z0-9]\/.test(t.secret)){for(var s,r,n,a=l.querySelectorAll('iframe[data-secret=\"'+t.secret+'\"]'),o=l.querySelectorAll('blockquote[data-secret=\"'+t.secret+'\"]'),c=new RegExp(\"^https?:$\",\"i\"),i=0;i<o.length;i++)o[i].style.display=\"none\";for(i=0;i<a.length;i++)s=a[i],e.source===s.contentWindow&&(s.removeAttribute(\"style\"),\"height\"===t.message?(1e3<(r=parseInt(t.value,10))?r=1e3:~~r<200&&(r=200),s.height=r):\"link\"===t.message&&(r=new URL(s.getAttribute(\"src\")),n=new URL(t.value),c.test(n.protocol))&&n.host===r.host&&l.activeElement===s&&(d.top.location.href=t.value))}},d.addEventListener(\"message\",d.wp.receiveEmbedMessage,!1),l.addEventListener(\"DOMContentLoaded\",function(){for(var e,t,s=l.querySelectorAll(\"iframe.wp-embedded-content\"),r=0;r<s.length;r++)(t=(e=s[r]).getAttribute(\"data-secret\"))||(t=Math.random().toString(36).substring(2,12),e.src+=\"#?secret=\"+t,e.setAttribute(\"data-secret\",t)),e.contentWindow.postMessage({message:\"ready\",secret:t},\"*\")},!1)))}(window,document);\n\/\/# sourceURL=https:\/\/rapport-valais.ch\/wp-includes\/js\/wp-embed.min.js\n<\/script>\n","description":"Valais\/Wallis Promotion Table des mati\u00e8res Rapport d&rsquo;activit\u00e9sValais\/Wallis Promotion 2025 Editoriaux. Damian Constantin Une ann\u00e9e marqu\u00e9e par des images fortes Lire le mot Julien Moulin D\u00e9couvrir le Valais\u00a0 \u00a0 \u00a0 \u00a0 \u00a0 \u00a0 \u00a0 \u00a0 pas \u00e0 pas\u00a0 Lire le mot Mandat. Le 14 juin 2012, le Grand Conseil du canton du Valais se prononce \u00e0 [&hellip;]","thumbnail_url":"https:\/\/rapport-valais.ch\/wp-content\/uploads\/2024\/03\/Valais_RVB_FR-512.png","thumbnail_width":512,"thumbnail_height":462}

Tätigkeitsbericht Valais/Wallis Promotion - 2023

Valais/Wallis Promotion Table des matières Rapport d&rsquo;activitésValais/Wallis Promotion 2025 Editoriaux. Damian Constantin Une année marquée par des images fortes Lire le mot Julien Moulin Découvrir le Valais                pas à pas  Lire le mot Mandat. Le 14 juin 2012, le Grand Conseil du canton du Valais se prononce à [&hellip;]
